e of -1 - (6 - -4 - (22 - 2))?
9
What is the value of 2 + 15 - (-1 + 11 + -15 - -11)?
11
Calculate -13 + (32 - (2 + 5)).
12
What is (9 - 6) + (8 - (8 + -4) - 4)?
3
What is -18 + 37 + (-19 - 9)?
-9
3 + 18 - 7 - -3
17
0 + -6 - (30 + -23 - (-1 + 7))
-7
Evaluate 6 + 28 + -73 + 2.
-37
What is the value of 21 - (-16 + -12 - -25 - (0 + -1))?
23
31 + -6 + -27 + 37
35
Calculate -30 - (9 - (30 - -7)).
-2
Calculate 12 + -1 + (-772 - -781).
20
Evaluate 3 + -1 - (18 + -17) - -17.
18
What is the value of (0 - (-6 + (-1 - -6) + -6)) + -26?
-19
Evaluate (-4 - (-1 - (-10 - -7))) + 1 + -2.
-7
What is the value of (0 - -20) + -157 + 139 + 16 + 0?
18
(-41 - -27) + 22 + (-4 - (24 - -4))
-24
What is (14 + -15 - 8) + 2?
-7
Calculate -21 + 21 + -9 + -3.
-12
Calculate -16 + (1 - (-2 + 5)).
-18
What is the value of -1 - 1 - -1 - (17 - (63 + -43))?
2
What is the value of -4 + (4 + 6 + -1 - (-1 - -5))?
1
What is 4 + -10 + (3 - 2) + 15?
10
(240 - 233) + (0 - 1 - 14)
-8
Evaluate -17 + (-15 + 17 - -5).
-10
37 + -48 + 16 + 20
25
What is the value of 0 + (15 - 14 - 11)?
-10
Evaluate (596 + -594 - (-1 + 2 - -6)) + 11.
6
What is the value of -2 + -2 + -4 - (-7 + -4 + 29)?
-26
What is 0 + (-4 - 1) - (11 - -7 - 16)?
-7
Calculate (-2 - (0 + -5)) + (14 - 6).
11
What is -9 + (8 + 12 - 0)?
11
Evaluate (-5 + 1 - (-1 - 0)) + 117 + -132.
-18
0 + -7 + 3 + -9 + (-18 - -7)
-24
Evaluate 13 - (-1 + -3 + (4 - 5)).
18
What is -23 + (9 - -14) + -13?
-13
(0 - 1) + -10 - (-7 - (-3 + -5))
-12
Evaluate -18 + 8 + (-7 - -13) + -7.
-11
What is (-52 - (-11 - 34)) + 7 + 0 + -1?
-1
Evaluate -20 + 19 + (17 - 19).
-3
(-1 + -1 - 0 - 0) + (76 - 89)
-15
-2 + (75 - 33) + -35
5
Calculate -3 - (1 + -11 + 7 + 7 - 6).
-1
What is the value of 13 - (0 - (5 - (7 - 7) - 4))?
14
What is (8 - 24) + 7 + 16?
7
Calculate -1 + 0 + (13 + -10 - 1) + 14.
15
What is the value of (-8 - -1 - (-46 + 47)) + 4 + -5?
-9
What is 13 - (-6 - (-11 + 7 - 11))?
4
-29 + (-23 + 40 - -3)
-9
Calculate -4 + 2 + (5 - 12).
-9
Evaluate -9 + 7 + 0 - (-1 + 7 + 1).
-9
Evaluate -16 - (17 - (-24 - -50)) - (1 - 32).
24
Evaluate 6 + (5 - (-3 + 13) - 0) + 12.
13
What is -13 - (13 + (-2 - -2) - 4) - 4?
-26
What is 0 + (-25 - -1 - -4 - -6)?
-14
What is the value of -3 + 5 + -32 + 26?
-4
-6 - (-22 + 62 + -28)
-18
Calculate (-4 - 7) + -6 + (0 - 16) - -10.
-23
What is -8 + -4 + 5 + (14 - 1)?
6
What is 5 - (-30 + 3 + 6)?
26
Evaluate (9 + -14 - -14) + (6 - (7 - 4)).
12
Calculate -2 + (-1 - 6) + (25 - 28) - 2.
-14
Calculate 6 + -1 + 2 + -16.
-9
What is 1 - (-27 + -3 + 27)?
4
7 + (-28 - -26) - (-1 - 1 - 0)
7
What is the value of (72 - (76 - -11)) + -1 + 9?
-7
What is the value of (11 - 0) + 13 + -33?
-9
1 + (-1 - -2) + -8 + 13 + -5
2
What is the value of (15 - (35 + -6)) + -3 + -5 - -7?
-15
Evaluate 3 - 12 - -6 - 11.
-14
Evaluate 11 + -14 + (14 - 12) + 0 + -6.
-7
What is 26 + -14 + -21 + 14?
5
-6 + -6 + -10 + (19 - -3)
0
What is -4 + 25 + 21 + -62?
-20
-7 + (-29 - -22) + (2 - -3)
-9
Evaluate 0 + (-1 - -11) - (-18 - -24).
4
What is the value of 24 - 10 - (30 - 35)?
19
What is the value of -45 + 40 - (-19 - -2)?
12
What is -6 + 29 + -12 - 12?
-1
Calculate (3 - 15) + 8 + (-3 - -11).
4
-14 - -28 - 17 - (4 + 3)
-10
-1804 + 1760 + 0 + 36
-8
What is the value of 6 - (9 - 4 - 7 - 8)?
16
What is the value of -2 + (9 - (-6 + 4 + 17))?
-8
Evaluate 33 - (16 + (-4 - -18)).
3
What is the value of (-6 + 19 - 9) + -12 + 1 + 0?
-7
Evaluate (4 - 21) + (-5 + 1 - -2) + -1.
-20
Evaluate 5 + -19 - (-26 + 3).
9
Evaluate 22 - (-1 + 15) - (7 - -5).
-4
Evaluate 15 - (32 - 8) - 9.
-18
Evaluate -1 + -31 + (5 - 6) - -12.
-21
What is -10 + -6 + 1 + (4 - 0)?
-11
What is 15 - -2 - (4 + (0 - 1) + 1)?
13
Evaluate 18 + -81 + 89 - (-2 - (-13 - -1)).
16
What is the value of (5 + -7 - (-7 - 0 - -4)) + 7?
8
Evaluate 8 - ((17 - (4 - -3) - -4) + 8).
-14
What is -1 + (3 - (-6 - -9)) + (9 - -1)?
9
What is -21 + 4 + 5 + -4?
-16
What is (-3 - 7 - -10) + -10?
-10
What is the value of -26 + (-33 - (22 + -47))?
-34
Calculate -3 + -4 + (7 - 0) + 7 + 6.
13
Calculate 24 + -32 - (0 + (-3 - -9)).
-14
16 - (4 + -15 + 7 - -12)
8
What is (1 - 3 - -7) + (43 - (-15 - -76))?
-13
What is the value of 2 + (-11 - (-21 + 5)) - -13?
20
What is the value of 4 + -5 + (1 - (-4 - -2) - -7)?
9
(3 - (-2 - -4)) + 7 - 0
8
Evaluate -3 + 11 + -5 + -6.
-3
Evaluate 6 + -14 - -12 - (2 - (0 + -1)).
1
What is the value of 0 - (4 + (7 - 13))?
2
Calculate -19 + 0 + (0 - (5 - (-1 - 3))).
-28
Calculate -5 - (10 - 15 - 17).
17
Evaluate (-4 - -11) + -9 - 1.
-3
Calculate -1 - -2 - (9 - (-2 + 10)).
0
Evaluate 7 - ((2 - 6) + 6).
5
Calculate 6 - -18 - 14 - (0 + -4).
14
(-65 - -22) + (74 - 1)
30
Calculate -19 - (25 + -25 + (0 - 5)).
-14
Evaluate ((-49 - -12) + 8 - (-5 - -2)) + -3.
-29
Calculate (2 - 1) + 2 + 61 + -56.
8
What is the value of 1 + -41 - ((-22 - 21) + 27)?
-24
What is the value of (-12 - -26) + -10 + 1 + (-4 - -7)?
8
What is the value of 8 + -11 - -16 - (-1 + (-2 - -3))?
13
Calculate 15 - (-3 + (4 - -5) - -3).
6
What is the value of 8 + -22 + (-23 - -30) + -3?
-10
What is the value of (-1 - -8) + (-13 - -42) + -45?
-9
Calculate 0 + (-13 - (-23 + 8)).
2
Calculate (17 - (16 + -20) - 8) + 5.
18
Calculate -3 + 0 - (-21 + 7 + -2).
13
What is -8 + -10 + (-4 - -16 - 9)?
-15
(2 - -9) + -26 + 2 + 17 + 29
33
What is 1 - (-2 - 7) - -5?
15
-5 + 9 + (-5 - -12) + -5
6
What is the value of 10 + 5 + 0 + 0 + 2?
17
What is -6 + 21 - (-14 + 25)?
4
What is the value of (-9 - 2) + 9 + 0 + 11?
9
(-1 - -9) + -11 - -6 - -4
7
What is the value of 15 + (-10 + 7 - (-3 + 5 + 2))?
8
What is (5 - -6) + -12 + (71 - 58)?
12
What is the value of 107 + -66 - (40 - -1)?
0
What is 0 - 8 - (4 + -13) - (-7 + 2)?
6
What is the value of 9 - -5 - (11 + -4)?
7
45 - 40 - (-15 - -3)
17
556 - 554 - (-12 + -2)
16
-16 - (-13 - (-23 + 5))
-21
What is the value of 4 + -3 + (-74 - -77)?
4
Evaluate -9 + (3 - -3) + -8 + 44.
33
Evaluate 6 + -37 + 29 + -1 + 4 + 2.
3
What is the value of 13 - -2 - (83 - 76) - 10?
-2
-2 - (-1 + (-18 - 1)) - (-4645 - -4646)
17
Evaluate 25 + (-34 - -18) - 11.
-2
Evaluate -1 - (45 + -43 - (-3 - 1)).
-7
What is the value of -6 - (13 + -2 - 0)?
-17
What is the value of -18 - -28 - -18 - 10?
18
(-15 - (-3 - (15 + -25))) + 10
-12
Calculate -12 - (4 - (-1 + 18)).
1
(1 - -2) + 1 + -1 + -6
-3
14 + (8 - 17) - (-7 + -1)
13
What is the value of 6 + (17 - -8) - 67?
-36
Evaluate (-20 + 51 - 33) + 5.
3
What is 2 - 15 - (-21 - -38 - 10)?
-20
Calculate (-9 - (8 + -25)) + -3 + (2 - 1).
6
Calculate 5 + (15 - 34) + 5.
-9
Evaluate 1 - -1 - (-4 - -8) - (-164 + 181).
-19
Evaluate (6 - 2 - 7) + 2 + -2.
-3
(0 - 1) + -18 + 25
6
What is -7 - (-6 + 11) - 9 - 0?
-21
What is 6 - (6 + -5 - ((-6 - -11) + 2))?
12
What is 39 + -7 - 6 - 16?
10
What is (5 - 9) + -13 + 13 - (-7 + 1)?
2
What is 4 + (9 - 20) + (-1 - (9 - 5))?
-12
12 + 7 + 11 + -20
10
Calculate (1 - (1 - 17)) + -23.
-6
Evaluate 26 - ((8 - 2) + 9).
11
3 + -1 - (2 + 13 + 4 + -4)
-13
What is -17 - (-10 - (-24 - -46))?
15
What is the value of 6 + (3 - 9 - (2 - 5 - 1))?
4
Calculate 4 - (-8 - (22 - (-6 - (9 + -25)))).
24
Evaluate 3 - ((9 - 3) + -6) - (1 - 3).
5
What is the value of (-28 - -45) + (-14 - 8) - 18?
-23
What is the value of -7 - (43 - 41 - (-1 - (0 + -3)))?
-7
What is 3 - ((0 - -6) + -8) - (11 + -13)?
7
What is (1 + 0 - -2) + 4 + -78 + 86?
15
What is 9 - (-6 + (7 - 6 - 1))?
15
-33 + (-48 - -24) + 34
-23
Evaluate ((0 - 31) + -2 - 2) + 879 + -872.
-28
What is -12 + (13 - 5) - -6 - -10?
12
(-5 - -1) + -1 + -11 + 15
-1
7 + 15 + -29 + 10
3
What is -16 + (28 - (-2 + 10))?
4
What is (-6 + 3 - -8) + 12 + -19?
-2
(0 - -18) + (-34 + -39 - -23)
-32
Calculate (-40 - -3 - -64) + 8.
35
What is the value of 28 + -25 + 12 - -4?
19
Evaluate 65 + -67 - ((-3 - (-1 + 1)) + 0).
1
What is the value of 72 - 76 - (-2 + -9)?
7
What is the value of -1 + -1 + -32 + 20?
-14
Calculate -14 - (-16 + -41 + 36).
7
Evaluate 4 + (-11 - -10) - (-15 + 3).
15
Evaluate (2 - (0 - 15) - (0 - -9)) + -2.
6
Calculate (-3 - -9 - 2) + 148 + -169.
-17
What is 24 - (29 - 9) - 25?
-21
What is the value of -9 + (-5 + 4 - (3 - -1))?
-14
11 + (33 - 46) + 11
9
What is the value of (6 + 2 - 2) + (-53 - -54)?
7
Evaluate -4 - -1 - ((-8 - -11) + 8).
-14
Evaluate -6 + 4 + -4 + 14 + (1 - 25).
-16
What is -8 + -9 + -8 + 5 + -1?
-21
What is 0 + 9 - (-11 - 78 - -87)?
11
Evaluate -3 - 